{"id":13814,"date":"2024-09-24T16:29:35","date_gmt":"2024-09-24T14:29:35","guid":{"rendered":"https:\/\/www.smmontrougett.fr\/?page_id=13814"},"modified":"2025-10-29T23:05:26","modified_gmt":"2025-10-29T22:05:26","slug":"boutique-assoconnect","status":"publish","type":"page","link":"https:\/\/www.smmontrougett.fr\/index.php\/boutique-assoconnect\/","title":{"rendered":"Boutique Assoconnect"},"content":{"rendered":"\n<p>Dans notre espace boutique, vous pouvez trouver les diff\u00e9rents liens vous permettant de commander en ligne les produits de notre section, de vous inscrire sur les comp\u00e9titions qui doivent \u00eatre g\u00e9r\u00e9es par la club.<\/p>\n\n\n\n<p><\/p>\n\n\n\n<p><\/p>\n\n\n\n<p>Actuellement, nous vous proposons dans notre boutique les produits suivants:<\/p>\n\n\n\n<p><strong>Polo section Tennis de table Montrouge<\/strong><\/p>\n\n\n\n<p><a href=\"https:\/\/smm-tennis-de-table.assoconnect.com\/collect\/description\/611430-n-t-shirt-tennis-de-table-montrouge\">https:\/\/smm-tennis-de-table.assoconnect.com\/collect\/description\/611430-n-t-shirt-tennis-de-table-montrouge<\/a><\/p>\n\n\n\n<p><strong>Inscription comp\u00e9titions individuelles Adultes &#8211; Jeunes \/ R\u00e9gularisation forfait<\/strong><\/p>\n\n\n\n<p><a href=\"https:\/\/smm-tennis-de-table.assoconnect.com\/collect\/description\/611444-a-competitions-individuelles-jeunes-adultes-saison-2025-2026\">https:\/\/smm-tennis-de-table.assoconnect.com\/collect\/description\/611444-a-competitions-individuelles-jeunes-adultes-saison-2025-2026<\/a><\/p>\n\n\n\n<p><\/p>\n","protected":false},"excerpt":{"rendered":"<p>Dans notre espace boutique, vous pouvez trouver les diff\u00e9rents liens vous permettant de commander en ligne les produits de notre section, de vous inscrire sur les comp\u00e9titions qui doivent \u00eatre&hellip; <br \/> <a class=\"button small blue\" href=\"https:\/\/www.smmontrougett.fr\/index.php\/boutique-assoconnect\/\">Lire la suite<\/a><\/p>\n","protected":false},"author":4,"featured_media":0,"parent":0,"menu_order":0,"comment_status":"closed","ping_status":"closed","template":"","meta":{"_EventAllDay":false,"_EventTimezone":"","_EventStartDate":"","_EventEndDate":"","_EventStartDateUTC":"","_EventEndDateUTC":"","_EventShowMap":false,"_EventShowMapLink":false,"_EventURL":"","_EventCost":"","_EventCostDescription":"","_EventCurrencySymbol":"","_EventCurrencyCode":"","_EventCurrencyPosition":"","_EventDateTimeSeparator":"","_EventTimeRangeSeparator":"","_EventOrganizerID":[],"_EventVenueID":[],"_OrganizerEmail":"","_OrganizerPhone":"","_OrganizerWebsite":"","_VenueAddress":"","_VenueCity":"","_VenueCountry":"","_VenueProvince":"","_VenueState":"","_VenueZip":"","_VenuePhone":"","_VenueURL":"","_VenueStateProvince":"","_VenueLat":"","_VenueLng":"","_VenueShowMap":false,"_VenueShowMapLink":false,"footnotes":""},"class_list":["post-13814","page","type-page","status-publish","hentry"],"jetpack_sharing_enabled":true,"_links":{"self":[{"href":"https:\/\/www.smmontrougett.fr\/index.php\/wp-json\/wp\/v2\/pages\/13814","targetHints":{"allow":["GET"]}}],"collection":[{"href":"https:\/\/www.smmontrougett.fr\/index.php\/wp-json\/wp\/v2\/pages"}],"about":[{"href":"https:\/\/www.smmontrougett.fr\/index.php\/wp-json\/wp\/v2\/types\/page"}],"author":[{"embeddable":true,"href":"https:\/\/www.smmontrougett.fr\/index.php\/wp-json\/wp\/v2\/users\/4"}],"replies":[{"embeddable":true,"href":"https:\/\/www.smmontrougett.fr\/index.php\/wp-json\/wp\/v2\/comments?post=13814"}],"version-history":[{"count":17,"href":"https:\/\/www.smmontrougett.fr\/index.php\/wp-json\/wp\/v2\/pages\/13814\/revisions"}],"predecessor-version":[{"id":16303,"href":"https:\/\/www.smmontrougett.fr\/index.php\/wp-json\/wp\/v2\/pages\/13814\/revisions\/16303"}],"wp:attachment":[{"href":"https:\/\/www.smmontrougett.fr\/index.php\/wp-json\/wp\/v2\/media?parent=13814"}],"curies":[{"name":"wp","href":"https:\/\/api.w.org\/{rel}","templated":true}]}}